{"id":240,"date":"2021-02-19T17:45:08","date_gmt":"2021-02-19T16:45:08","guid":{"rendered":"http:\/\/www.ilserveronline.net\/fdc2020\/?post_type=videogallery&#038;p=240"},"modified":"2021-09-14T16:40:44","modified_gmt":"2021-09-14T14:40:44","slug":"primula-rossa","status":"publish","type":"videogallery","link":"https:\/\/www.ilserveronline.net\/fdc2020\/videogallery\/primula-rossa\/","title":{"rendered":"Primula Rossa"},"content":{"rendered":"<div align=\"justify\">\n<p>Nel<strong> 1978<\/strong> viene promulgata, su iniziativa di Franco Basaglia, la \u201cLegge 180\u201d che sancisce la chiusura degli Ospedali Psichiatrici, per affermare la dignit\u00e0 e i diritti di cittadinanza di ogni persona, qualunque sia la condizione sociale e di salute.<\/p>\n<p>Paure, stigmi ed egoismi hanno per\u00f2 perpetuato e riproposto forme vecchie e nuove di istituzioni totali. Al contempo da allora in Italia non si \u00e8 pi\u00f9 smesso di ricercare e sperimentare modelli evoluti di comunit\u00e0, capaci di restituire \u201cpotere\u201d e \u00a0\u201cdiritti\u201d alle persone fragili.<\/p>\n<p><strong>Primula rossa, <\/strong>il film di Franco Jannuzzi, prodotto dalla Fondazione di Comunit\u00e0 di Messina, percorre il crinale fra queste due visioni dell\u2019uomo e della vita.<\/p>\n<p>Il film, seppur per sottrazione, si domanda quale grande potenziale di trasformazione si potrebbe generare se tutte le risorse umane, professionali ed economiche, che vengono utilizzate per tenere rinchiusi ed esclusi altri esseri umani, solo perch\u00e9 malati, fossero utilizzate per aiutarli a vivere, lavorare ed abitare in luoghi scelti.<\/p>\n<p>Da anni la <strong>Fondazione di Comunit\u00e0 di Messina<\/strong> prova a rispondere con concretezza\u00a0 a queste stesse domande. Lo ha fatto e lo fa con <a href=\"https:\/\/www.ilserveronline.net\/fdc2020\/luce-e-liberta\/\"><strong>Luce \u00e8 Libert\u00e0<\/strong><\/a>,\u00a0il progetto con cui lavora per restituire dignit\u00e0 e libert\u00e0 a quanti sono stati a lungo &#8220;internati&#8221; nell&#8217;ex Ospedale Psichiatrico Giudiziario di Barcellona Pozzo di Gotto in provincia di Messina. Persone, ognuna con una propria storia. E proprio dalla storia di una di loro nasce l&#8217;idea di Primula Rossa, un racconto d&#8217;autore che tiene insieme &#8211; fra privato e pubblico &#8211; dolore, fatica, speranza di molte persone, nel loro intreccio con un pezzo di storia d&#8217;Italia.<\/p>\n<\/div>\n","protected":false},"featured_media":0,"template":"","cat_video":[10],"class_list":["post-240","videogallery","type-videogallery","status-publish","hentry","cat_video-i-programmi"],"_links":{"self":[{"href":"https:\/\/www.ilserveronline.net\/fdc2020\/wp-json\/wp\/v2\/videogallery\/240","targetHints":{"allow":["GET"]}}],"collection":[{"href":"https:\/\/www.ilserveronline.net\/fdc2020\/wp-json\/wp\/v2\/videogallery"}],"about":[{"href":"https:\/\/www.ilserveronline.net\/fdc2020\/wp-json\/wp\/v2\/types\/videogallery"}],"wp:attachment":[{"href":"https:\/\/www.ilserveronline.net\/fdc2020\/wp-json\/wp\/v2\/media?parent=240"}],"wp:term":[{"taxonomy":"cat_video","embeddable":true,"href":"https:\/\/www.ilserveronline.net\/fdc2020\/wp-json\/wp\/v2\/cat_video?post=240"}],"curies":[{"name":"wp","href":"https:\/\/api.w.org\/{rel}","templated":true}]}}

<div align="justify">
<p>Nel<strong> 1978</strong> viene promulgata, su iniziativa di Franco Basaglia, la “Legge 180” che sancisce la chiusura degli Ospedali Psichiatrici, per affermare la dignità e i diritti di cittadinanza di ogni persona, qualunque sia la condizione sociale e di salute.</p>
<p>Paure, stigmi ed egoismi hanno però perpetuato e riproposto forme vecchie e nuove di istituzioni totali. Al contempo da allora in Italia non si è più smesso di ricercare e sperimentare modelli evoluti di comunità, capaci di restituire “potere” e  “diritti” alle persone fragili.</p>
<p><strong>Primula rossa, </strong>il film di Franco Jannuzzi, prodotto dalla Fondazione di Comunità di Messina, percorre il crinale fra queste due visioni dell’uomo e della vita.</p>
<p>Il film, seppur per sottrazione, si domanda quale grande potenziale di trasformazione si potrebbe generare se tutte le risorse umane, professionali ed economiche, che vengono utilizzate per tenere rinchiusi ed esclusi altri esseri umani, solo perché malati, fossero utilizzate per aiutarli a vivere, lavorare ed abitare in luoghi scelti.</p>
<p>Da anni la <strong>Fondazione di Comunità di Messina</strong> prova a rispondere con concretezza  a queste stesse domande. Lo ha fatto e lo fa con <a href="https://www.ilserveronline.net/fdc2020/luce-e-liberta/"><strong>Luce è Libertà</strong></a>, il progetto con cui lavora per restituire dignità e libertà a quanti sono stati a lungo &#8220;internati&#8221; nell&#8217;ex Ospedale Psichiatrico Giudiziario di Barcellona Pozzo di Gotto in provincia di Messina. Persone, ognuna con una propria storia. E proprio dalla storia di una di loro nasce l&#8217;idea di Primula Rossa, un racconto d&#8217;autore che tiene insieme &#8211; fra privato e pubblico &#8211; dolore, fatica, speranza di molte persone, nel loro intreccio con un pezzo di storia d&#8217;Italia.</p>
</div>
