{"id":873,"date":"2021-06-16T09:17:20","date_gmt":"2021-06-16T07:17:20","guid":{"rendered":"http:\/\/www.ilserveronline.net\/fdc2020\/?page_id=873"},"modified":"2021-09-21T19:22:42","modified_gmt":"2021-09-21T17:22:42","slug":"capacity","status":"publish","type":"page","link":"https:\/\/www.ilserveronline.net\/fdc2020\/riqualificazione-urbana\/capacity\/","title":{"rendered":"Capacity"},"content":{"rendered":"<div align=\"justify\">\n<p>Il programma <strong>Capacity,<\/strong> che potete trovare qui illustrato in <strong><a href=\"https:\/\/www.ilserveronline.net\/fdc2020\/gallery\/capacity-la-liberazione-di-fondo-sacca\/\">foto<\/a><\/strong> e <strong><a href=\"https:\/\/www.ilserveronline.net\/fdc2020\/videogallery\/capacity\/\">video<\/a>,<\/strong> si articola in <strong>7 progetti di ricerca-azione <\/strong>e intende promuovere in modo interdipendente:<\/p>\n<ul>\n<li>la creazione di sistemi urbani e socio economici di qualit\u00e0 e capaci di generare alternative sugli aspetti pi\u00f9 importanti della vita delle persone, sui &#8220;funzionamenti umani&#8221;, legati all\u2019abitare, al lavoro, alla socialit\u00e0 e alla conoscenza;<\/li>\n<li>progetti personalizzati e comunitari di mediazione socio-culturale che possano accompagnare le persone e le famiglie in situazione di forte deprivazione a riconoscere e scegliere, fra le diverse alternative generate dalle policy, quelle funzionali a vivere la vita che vorrebbero vivere.<\/li>\n<\/ul>\n<p>I pilastri su cui poggia la logica di programmazione sono molteplici:<\/p>\n<ul>\n<li>Sperimentare un processo pilota di <strong>rigenerazione sociale e urbana <\/strong>a Fondo Sacc\u00e0 e Fondo Fucile e di superamento delle baraccopoli centenarie sovrappopolate;<\/li>\n<li>Generare <strong>connessioni virtuose <\/strong>fra sistema della ricerca scientifica e tecnologica e welfare di comunit\u00e0;<\/li>\n<li>Sperimentare nei piccoli condomini pilota sorti nelle aree liberate dalle baraccopoli i materiali, le metodologie costruttive e le tecnologie pi\u00f9 avanzate, anche di tipo prototipale, dell\u2019architettura e dell\u2019ingegneria sostenibile;<\/li>\n<li>Sperimentare per la realizzazione dei piccoli condomini pilota <strong>pratiche di auto-costruzione assistita salariata<\/strong> che hanno consentito di intrecciare i processi di risanamento urbano con politiche di lotta alla povert\u00e0 e di sostegno al reddito;<\/li>\n<li>Trasformare le aree\u00a0 liberate dalle baraccopoli in <strong><em>commons <\/em><\/strong>(Parchi, spazi educativi, orti sociali, musei all\u2019aperto d\u2019arte contemporanea, ecc.)<\/li>\n<li>Promuovere <strong>processi concreti di <em>empowerment<\/em> della comunit\u00e0,<\/strong> favorendo, fra l\u2019altro, lo sviluppo dell\u2019imprenditorialit\u00e0 giovanile e sociale e esperienze di emersione dal lavoro nero e irregolare, anche grazie a un\u2019agenzia di sviluppo e ad un sistema di finanza etico dedicato;<\/li>\n<li>Estendere le pratiche sperimentate con successo nel precedente progetto pilota (che di fatto infrastruttura sul territorio un parco dimostrativo) per completare il risanamento urbano e sociale di Fondo Sacc\u00e0 e poi di Fondo Fucile. In questa fase di generalizzazione, le pratiche di auto-costruzione salariate diventano pratiche di auto-recupero valorizzate in modo monetario; i prototipi di domotica per l\u2019efficientamento energetico e per la mutualizzazione dell\u2019energia saranno diffusi sul territorio nelle case acquistate direttamente dai beneficiari grazie al <strong>Capitale di Capacitazione<\/strong> o acquistate e\/o assegnate dal Comune;<\/li>\n<li>Ribaltare l\u2019ottica urbano-centrica. Capacity guarda a un modello di rigenerazione urbana che restituisca qualit\u00e0 all\u2019intero territorio a partire dalle periferie dove esistono ancora le baraccopoli originate nel terremoto del 1908. D\u2019altra parte le fiumare e i colli che ne segnano l\u2019alternanza, rappresentano, potenzialmente, il pi\u00f9 grande sistema infrastrutturale blu e verde dell\u2019area metropolitana e insieme di collegamento tra il mare e i monti Peloritani. Questo sguardo nuovo alla citt\u00e0 ispira la nascita delle polarit\u00e0 spaziali localizzate proprio nelle colline fra il torrente Camaro, il torrente Gazzi e il torrente Bisconte-Catarratti che delimitano l\u2019intervento di Capacity. Nuovi spazi socio-culturali e nuovi parchi urbani che a tutti gli effetti possano costituire beni comuni per gli abitanti di quel territorio. Come ad esempio il <a href=\"https:\/\/www.ilserveronline.net\/fdc2020\/i-luoghi\/il-parco-sociale-di-forte-petrazza\/\">Parco Sociale di Forte Petrazza<\/a> e il Parco educativo-culturale nato nella ex stazione di Camaro;<\/li>\n<li>Promuovere politiche e pratiche di ibridazione dei contesti socio-economici per favorire processi evolutivi della popolazione oggi baraccata.<br \/>\n<strong>Non sono stati pi\u00f9 costruiti quartieri ghetto.<br \/>\n<\/strong><\/li>\n<\/ul>\n<p>Il processo di sbaraccamento \u00e8 avvenuto tramite due meccanismi:<\/p>\n<ul>\n<li>Acquisto di unit\u00e0 abitative nel mercato immobiliare da parte del Comune di Messina e assegnazione delle stesse secondo metodologie partecipative;<\/li>\n<li>Istituzione di un <strong>Capitale Personale di Capacitazione<\/strong> che rappresenta un contributo <em>una tantum<\/em> alle persone beneficiarie affinch\u00e9 possano autonomamente acquistare la propria casa, all&#8217;interno di un patto antimafia che riguarda non solo il passato, ma anche il futuro delle persone.<\/li>\n<\/ul>\n<p>In termini di sistema, sono stati attuati <strong>servizi di animazione e mediazione sociale,<\/strong> oltre che di <em>empowerment<\/em> culturale, che hanno accompagnato le persone pi\u00f9 deprivate (in senso multidimensionale) a orientarsi fra le diverse alternative generate dalle <em>policy<\/em> di Capacity.<\/p>\n<p>I servizi di mediazione sociale hanno avuto il compito di trasformare le alternative generate dal progetto in libert\u00e0 sostanziali.<\/p>\n<p>Particolare cura hanno avuto le famiglie con bambini piccoli a carico. Il progetto ha infatti previsto, servizi di tutela e valorizzazione della prima infanzia e di contrasto alla povert\u00e0 educativa.<\/p>\n<p>Riguardo agli aspetti legati alla conoscenza ha preso corpo a Messina la <strong>Scuola Euro-Mediterranea dell\u2019Economia Responsabile<\/strong>, oggi infrastrutturazione permanente, che da una parte ha favorito processi di internazionalizzazione e dall\u2019altra ha attuato i servizi ausiliari necessari per rendere feconde le azioni di finanza etica.<\/p>\n<p>I risultati raggiunti da <strong>Capacity<\/strong> sono molteplici:<\/p>\n<ol>\n<li><strong>205 famiglie<\/strong> sono uscite dai ghetti per andare a vivere in una casa dignitosa da loro scelta. Poco meno di met\u00e0 di essi in una casa di propriet\u00e0. L\u2019obiettivo raggiunto \u00e8 ben pi\u00f9 alto del risultato atteso da progetto che fissava il numero di famiglie liberate dalle baraccopoli in 153;<\/li>\n<li>gli spazi liberati dalle baraccopoli sono divenuti <strong>parchi urbani<\/strong>;<\/li>\n<li>numerosi sono gli inserimenti lavorativi e i percorsi di <strong>emersione dal lavoro nero e irregolare<\/strong>. La concreta possibilit\u00e0 di acquistare una casa di propriet\u00e0 e la necessit\u00e0 di accedere a servizi di finanza etico-sociale per raggiungere tale obiettivo ha costituito un importante molla per regolarizzare il proprio rapporto di lavoro e per ripensare la propria vita introducendo elementi di programmazione di medio-lungo periodo;<\/li>\n<li>creazione sul territorio della Scuola Euro Mediterranea di Economia Responsabile di Bellezza e di Pace che gestisce, fra l\u2019altro, i servizi ausiliari dell\u2019operatore di microcredito etico, la <a href=\"https:\/\/www.mecc-italia.eu\/\">MECC S. C.<\/a> Impresa Sociale;<\/li>\n<li>strutturazione sul territorio di programmi di promozione dello sviluppo cognitivo dei bambini e degli adolescenti;<\/li>\n<li>creazione di tre polarit\u00e0 spaziali con finalit\u00e0 socio-educative a Fondo Sacc\u00e0, a <a href=\"https:\/\/www.ilserveronline.net\/fdc2020\/i-luoghi\/il-parco-sociale-di-forte-petrazza\/\">Forte Petrazza<\/a> e alla Ex-stazione ferroviaria di Camaro;<\/li>\n<li>strutturazione sul territorio di servizi di mediazione e facilitazione sociale personalizzata messa a sistema e connessa alle azioni di risanamento urbano.<\/li>\n<\/ol>\n<p><a href=\"https:\/\/www.ilserveronline.net\/fdc2020\/wp-content\/uploads\/2021\/06\/CAPACITY_Riqual_urbana_FILE-UNICO_compressed.pdf\">Clicca qui per approfondire il progetto Capacity.<\/a><\/p>\n<\/div>\n","protected":false},"excerpt":{"rendered":"<p>Il programma Capacity, che potete trovare qui illustrato in foto e video, si articola in 7 progetti di ricerca-azione e intende promuovere in modo interdipendente: la creazione di sistemi urbani<\/p>\n","protected":false},"author":2,"featured_media":0,"parent":100,"menu_order":41,"comment_status":"closed","ping_status":"closed","template":"","meta":{"footnotes":""},"class_list":["post-873","page","type-page","status-publish","hentry"],"_links":{"self":[{"href":"https:\/\/www.ilserveronline.net\/fdc2020\/wp-json\/wp\/v2\/pages\/873","targetHints":{"allow":["GET"]}}],"collection":[{"href":"https:\/\/www.ilserveronline.net\/fdc2020\/wp-json\/wp\/v2\/pages"}],"about":[{"href":"https:\/\/www.ilserveronline.net\/fdc2020\/wp-json\/wp\/v2\/types\/page"}],"author":[{"embeddable":true,"href":"https:\/\/www.ilserveronline.net\/fdc2020\/wp-json\/wp\/v2\/users\/2"}],"replies":[{"embeddable":true,"href":"https:\/\/www.ilserveronline.net\/fdc2020\/wp-json\/wp\/v2\/comments?post=873"}],"version-history":[{"count":22,"href":"https:\/\/www.ilserveronline.net\/fdc2020\/wp-json\/wp\/v2\/pages\/873\/revisions"}],"predecessor-version":[{"id":2390,"href":"https:\/\/www.ilserveronline.net\/fdc2020\/wp-json\/wp\/v2\/pages\/873\/revisions\/2390"}],"up":[{"embeddable":true,"href":"https:\/\/www.ilserveronline.net\/fdc2020\/wp-json\/wp\/v2\/pages\/100"}],"wp:attachment":[{"href":"https:\/\/www.ilserveronline.net\/fdc2020\/wp-json\/wp\/v2\/media?parent=873"}],"curies":[{"name":"wp","href":"https:\/\/api.w.org\/{rel}","templated":true}]}}

<div align="justify">
<p>Il programma <strong>Capacity,</strong> che potete trovare qui illustrato in <strong><a href="https://www.ilserveronline.net/fdc2020/gallery/capacity-la-liberazione-di-fondo-sacca/">foto</a></strong> e <strong><a href="https://www.ilserveronline.net/fdc2020/videogallery/capacity/">video</a>,</strong> si articola in <strong>7 progetti di ricerca-azione </strong>e intende promuovere in modo interdipendente:</p>
<ul>
<li>la creazione di sistemi urbani e socio economici di qualità e capaci di generare alternative sugli aspetti più importanti della vita delle persone, sui &#8220;funzionamenti umani&#8221;, legati all’abitare, al lavoro, alla socialità e alla conoscenza;</li>
<li>progetti personalizzati e comunitari di mediazione socio-culturale che possano accompagnare le persone e le famiglie in situazione di forte deprivazione a riconoscere e scegliere, fra le diverse alternative generate dalle policy, quelle funzionali a vivere la vita che vorrebbero vivere.</li>
</ul>
<p>I pilastri su cui poggia la logica di programmazione sono molteplici:</p>
<ul>
<li>Sperimentare un processo pilota di <strong>rigenerazione sociale e urbana </strong>a Fondo Saccà e Fondo Fucile e di superamento delle baraccopoli centenarie sovrappopolate;</li>
<li>Generare <strong>connessioni virtuose </strong>fra sistema della ricerca scientifica e tecnologica e welfare di comunità;</li>
<li>Sperimentare nei piccoli condomini pilota sorti nelle aree liberate dalle baraccopoli i materiali, le metodologie costruttive e le tecnologie più avanzate, anche di tipo prototipale, dell’architettura e dell’ingegneria sostenibile;</li>
<li>Sperimentare per la realizzazione dei piccoli condomini pilota <strong>pratiche di auto-costruzione assistita salariata</strong> che hanno consentito di intrecciare i processi di risanamento urbano con politiche di lotta alla povertà e di sostegno al reddito;</li>
<li>Trasformare le aree  liberate dalle baraccopoli in <strong><em>commons </em></strong>(Parchi, spazi educativi, orti sociali, musei all’aperto d’arte contemporanea, ecc.)</li>
<li>Promuovere <strong>processi concreti di <em>empowerment</em> della comunità,</strong> favorendo, fra l’altro, lo sviluppo dell’imprenditorialità giovanile e sociale e esperienze di emersione dal lavoro nero e irregolare, anche grazie a un’agenzia di sviluppo e ad un sistema di finanza etico dedicato;</li>
<li>Estendere le pratiche sperimentate con successo nel precedente progetto pilota (che di fatto infrastruttura sul territorio un parco dimostrativo) per completare il risanamento urbano e sociale di Fondo Saccà e poi di Fondo Fucile. In questa fase di generalizzazione, le pratiche di auto-costruzione salariate diventano pratiche di auto-recupero valorizzate in modo monetario; i prototipi di domotica per l’efficientamento energetico e per la mutualizzazione dell’energia saranno diffusi sul territorio nelle case acquistate direttamente dai beneficiari grazie al <strong>Capitale di Capacitazione</strong> o acquistate e/o assegnate dal Comune;</li>
<li>Ribaltare l’ottica urbano-centrica. Capacity guarda a un modello di rigenerazione urbana che restituisca qualità all’intero territorio a partire dalle periferie dove esistono ancora le baraccopoli originate nel terremoto del 1908. D’altra parte le fiumare e i colli che ne segnano l’alternanza, rappresentano, potenzialmente, il più grande sistema infrastrutturale blu e verde dell’area metropolitana e insieme di collegamento tra il mare e i monti Peloritani. Questo sguardo nuovo alla città ispira la nascita delle polarità spaziali localizzate proprio nelle colline fra il torrente Camaro, il torrente Gazzi e il torrente Bisconte-Catarratti che delimitano l’intervento di Capacity. Nuovi spazi socio-culturali e nuovi parchi urbani che a tutti gli effetti possano costituire beni comuni per gli abitanti di quel territorio. Come ad esempio il <a href="https://www.ilserveronline.net/fdc2020/i-luoghi/il-parco-sociale-di-forte-petrazza/">Parco Sociale di Forte Petrazza</a> e il Parco educativo-culturale nato nella ex stazione di Camaro;</li>
<li>Promuovere politiche e pratiche di ibridazione dei contesti socio-economici per favorire processi evolutivi della popolazione oggi baraccata.<br />
<strong>Non sono stati più costruiti quartieri ghetto.<br />
</strong></li>
</ul>
<p>Il processo di sbaraccamento è avvenuto tramite due meccanismi:</p>
<ul>
<li>Acquisto di unità abitative nel mercato immobiliare da parte del Comune di Messina e assegnazione delle stesse secondo metodologie partecipative;</li>
<li>Istituzione di un <strong>Capitale Personale di Capacitazione</strong> che rappresenta un contributo <em>una tantum</em> alle persone beneficiarie affinché possano autonomamente acquistare la propria casa, all&#8217;interno di un patto antimafia che riguarda non solo il passato, ma anche il futuro delle persone.</li>
</ul>
<p>In termini di sistema, sono stati attuati <strong>servizi di animazione e mediazione sociale,</strong> oltre che di <em>empowerment</em> culturale, che hanno accompagnato le persone più deprivate (in senso multidimensionale) a orientarsi fra le diverse alternative generate dalle <em>policy</em> di Capacity.</p>
<p>I servizi di mediazione sociale hanno avuto il compito di trasformare le alternative generate dal progetto in libertà sostanziali.</p>
<p>Particolare cura hanno avuto le famiglie con bambini piccoli a carico. Il progetto ha infatti previsto, servizi di tutela e valorizzazione della prima infanzia e di contrasto alla povertà educativa.</p>
<p>Riguardo agli aspetti legati alla conoscenza ha preso corpo a Messina la <strong>Scuola Euro-Mediterranea dell’Economia Responsabile</strong>, oggi infrastrutturazione permanente, che da una parte ha favorito processi di internazionalizzazione e dall’altra ha attuato i servizi ausiliari necessari per rendere feconde le azioni di finanza etica.</p>
<p>I risultati raggiunti da <strong>Capacity</strong> sono molteplici:</p>
<ol>
<li><strong>205 famiglie</strong> sono uscite dai ghetti per andare a vivere in una casa dignitosa da loro scelta. Poco meno di metà di essi in una casa di proprietà. L’obiettivo raggiunto è ben più alto del risultato atteso da progetto che fissava il numero di famiglie liberate dalle baraccopoli in 153;</li>
<li>gli spazi liberati dalle baraccopoli sono divenuti <strong>parchi urbani</strong>;</li>
<li>numerosi sono gli inserimenti lavorativi e i percorsi di <strong>emersione dal lavoro nero e irregolare</strong>. La concreta possibilità di acquistare una casa di proprietà e la necessità di accedere a servizi di finanza etico-sociale per raggiungere tale obiettivo ha costituito un importante molla per regolarizzare il proprio rapporto di lavoro e per ripensare la propria vita introducendo elementi di programmazione di medio-lungo periodo;</li>
<li>creazione sul territorio della Scuola Euro Mediterranea di Economia Responsabile di Bellezza e di Pace che gestisce, fra l’altro, i servizi ausiliari dell’operatore di microcredito etico, la <a href="https://www.mecc-italia.eu/">MECC S. C.</a> Impresa Sociale;</li>
<li>strutturazione sul territorio di programmi di promozione dello sviluppo cognitivo dei bambini e degli adolescenti;</li>
<li>creazione di tre polarità spaziali con finalità socio-educative a Fondo Saccà, a <a href="https://www.ilserveronline.net/fdc2020/i-luoghi/il-parco-sociale-di-forte-petrazza/">Forte Petrazza</a> e alla Ex-stazione ferroviaria di Camaro;</li>
<li>strutturazione sul territorio di servizi di mediazione e facilitazione sociale personalizzata messa a sistema e connessa alle azioni di risanamento urbano.</li>
</ol>
<p><a href="https://www.ilserveronline.net/fdc2020/wp-content/uploads/2021/06/CAPACITY_Riqual_urbana_FILE-UNICO_compressed.pdf">Clicca qui per approfondire il progetto Capacity.</a></p>
</div>
