{"id":2501,"date":"2021-12-14T09:12:33","date_gmt":"2021-12-14T08:12:33","guid":{"rendered":"http:\/\/www.ilserveronline.net\/fdc2020\/?page_id=2501"},"modified":"2021-12-14T09:22:13","modified_gmt":"2021-12-14T08:22:13","slug":"il-contesto-e-i-luoghi","status":"publish","type":"page","link":"https:\/\/www.ilserveronline.net\/fdc2020\/il-contesto-e-i-luoghi\/","title":{"rendered":"Il Contesto e i luoghi"},"content":{"rendered":"<p><span style=\"font-weight: 400;\">La Fondazione di Comunit\u00e0 oggi opera in contesti territoriali caratterizzati da condizioni economico-sociali e ambientali molto differenti e questo ha in questi anni permesso, attraverso percorsi di ricerca-azione, di sperimentare <\/span><i><span style=\"font-weight: 400;\">policy<\/span><\/i><span style=\"font-weight: 400;\"> sistemiche capaci, almeno in parte, di acquisire valore paradigmatico.<\/span><\/p>\n<p><span style=\"font-weight: 400;\">Il cuore dell\u2019agire della Fondazione \u00e8 stato certamente Messina, citt\u00e0 di poco meno di 250.000 abitanti, caratterizzata da estrema sperequazione nella distribuzione della ricchezza e da una forte iniquit\u00e0 spaziale. Nel centro cittadino la ricchezza media pro-capite \u00e8 4 volte quella della periferia nord e 6 volte quella della periferia sud, caratterizzata, quest\u2019ultima, da forte degrado urbano, sociale, culturale e da strutturale disagio abitativo. Per esempio, oltre 2.000 famiglie vivono ancora nelle baraccopoli inizialmente originate dopo il terremoto del 1908 e dopo i bombardamenti della Seconda Guerra Mondiale e poi diventate strumento di segregazione sociale e di controllo clientelare e mafioso.<\/span><\/p>\n<p><span style=\"font-weight: 400;\">La <\/span><i><span style=\"font-weight: 400;\">cluster analysis<\/span><\/i><span style=\"font-weight: 400;\">, sviluppata dalla Fondazione, identifica Messina quale citt\u00e0 tipica delle grandi aree urbane meridionali precipitate sotto la soglia di povert\u00e0 trappola, demograficamente &#8220;triste&#8221;.<\/span><\/p>\n<p><span style=\"font-weight: 400;\">Accanto, per\u00f2, a questo estremo degrado abitativo, sociale e urbano, Messina \u00e8 una delle province pi\u00f9 verdi d\u2019Italia. \u00c8, quindi, una citt\u00e0 che vive la contraddizione di una bassa qualit\u00e0 della vita, cui corrisponde, per\u00f2, salendo di scala, la potenza di un paesaggio unico e un binomio natura potente, dinamica e fortemente bio-diversa \/ processi millenari di antropizzazione che fa di questa terra una <\/span><i><span style=\"font-weight: 400;\">cuspide, <\/span><\/i><span style=\"font-weight: 400;\">una <\/span><i><span style=\"font-weight: 400;\">singolarit\u00e0 <\/span><\/i><span style=\"font-weight: 400;\">del Mediterraneo.<\/span><\/p>\n<p><span style=\"font-weight: 400;\">Si tratta, in sostanza, di una <\/span><i><span style=\"font-weight: 400;\">venustas<\/span><\/i><span style=\"font-weight: 400;\"> antropologico-ambientale in grado di aumentare la resilienza urbana, una \u201cbellezza\u201d capace di determinare un campo di forza che se riconosciuta, compresa in modo profondo e poi valorizzata pu\u00f2 costituire una leva straordinaria per il \u201cdomani\u201d.<\/span><\/p>\n<p>&nbsp;<\/p>\n<p><b>Dal 1998<\/b><span style=\"font-weight: 400;\"> i luoghi primigeni in cui fin dalle origini, con una intesa opera di riqualificazione urbana, si \u00e8 sviluppata e si sviluppa tutt\u2019ora la Fondazione di Comunit\u00e0 di Messina sono il <\/span><a href=\"https:\/\/fdcmessina.org\/i-luoghi\/il-parco-sociale-di-forte-petrazza\/\"><span style=\"font-weight: 400;\">Parco Sociale di Forte Petrazza<\/span><\/a><span style=\"font-weight: 400;\"> e <\/span><a href=\"https:\/\/fdcmessina.org\/gallery\/il-parco-horcynus-orca\/\"><span style=\"font-weight: 400;\">il Parco Horcynus Orca.<\/span><\/a><span style=\"font-weight: 400;\">\u00a0<\/span><\/p>\n<p>&nbsp;<\/p>\n<p><b>Dal 2015<\/b><span style=\"font-weight: 400;\"> la Fondazione di Comunit\u00e0 ha istituito un Fondo destinato allo sviluppo territoriale di <\/span><a href=\"https:\/\/fdcmessina.org\/il-fondo-di-mirabella-imbaccari\/\"><b>Mirabella Imbaccari<\/b><\/a><b>,<\/b><span style=\"font-weight: 400;\"> tipica \u201carea interna\u201d della Sicilia, che dall\u2019inizio del 2000 sta vivendo un trend di declino. L&#8217;analisi storica dei dati demografici, la crisi delle economie agricole con metodi tradizionali, e l\u2019espulsione dal mercato, oggi fortemente industrializzato, delle tradizionali lavorazioni al femminile del tombolo, in modo plastico evidenziano un progressivo, apparentemente inesorabile, invecchiamento e depauperamento demografico delle comunit\u00e0 locali.<\/span><\/p>\n<p>&nbsp;<\/p>\n<p><b>Nel 2020 <\/b><span style=\"font-weight: 400;\">la Fondazione ha avviato, valorizzando <\/span><a href=\"https:\/\/fdcmessina.org\/il-fondo-pia-patini-di-salina\/\"><span style=\"font-weight: 400;\">i propri <\/span><i><span style=\"font-weight: 400;\">asset <\/span><\/i><span style=\"font-weight: 400;\">patrimoniali<\/span><\/a> <b>nell\u2019isola di Salina,<\/b><span style=\"font-weight: 400;\"> azioni sistemiche e durevoli nella piccola isola.<\/span><\/p>\n<p><span style=\"font-weight: 400;\">Salina \u00e8 un\u2019isola in cui vivono 2.598 abitanti regolari distribuiti nei tre Comuni in cui si articolano i soli 26,1\u00b2 dell\u2019isola. Il territorio \u00e8, pertanto, caratterizzato da una forte frammentazione sociale e istituzionale. Da un punto di vista socio-economico l\u2019isola vive di un\u2019economia legata al turismo con forte carattere stagionale. Questo comporta una concezione del tempo, dei luoghi e del lavoro a volte distorti. \u00c8 crescente la popolazione migrante, che soffre della irregolarit\u00e0 e della precariet\u00e0 dei lavori stagionali. Nei mesi invernali la popolazione vive in condizioni di forte diseguaglianza sociale e di accessibilit\u00e0 ai servizi.<\/span><\/p>\n<p><span style=\"font-weight: 400;\">D\u2019altra parte le Eolie costituiscono un patrimonio naturale e culturale ricchissimo, denso di dinamismi geo-ambientali, di emergenze di vita, specie di vita marina, e di stratificazioni millenarie cos\u00ec interessanti da far dichiarare all\u2019UNESCO tutto l\u2019arcipelago patrimonio dell\u2019umanit\u00e0.<\/span><\/p>\n<p><span style=\"font-weight: 400;\">I programmi ventennali di ricerca e cooperazione culturale fra le sponde del Mediterraneo e le recenti programmazioni in partnership per promuovere lo sviluppo di finanza etica e sociale e forme di economie responsabili sul piano ambientale e sociale hanno portato la Fondazione a deliberare la prospettiva di istituire fondi dedicati allo sviluppo di territori dell\u2019area MENA (Middle East and North Africa).\u00a0\u00a0<\/span><\/p>\n<p>&nbsp;<\/p>\n<p><b>Nel 2021<\/b> <span style=\"font-weight: 400;\">la Fondazione ha istituito un\u00a0 <\/span><a href=\"https:\/\/fdcmessina.org\/il-fondo-per-le-aree-interne\/\"><b>Fondo per le Aree interne<\/b><\/a><b> c<\/b><span style=\"font-weight: 400;\">he interessa il Comune di <\/span><b>Roccavaldina<\/b><span style=\"font-weight: 400;\"> e il Comune di <\/span><b>Novara di Sicilia.<\/b><span style=\"font-weight: 400;\"> A\u00a0Roccavaldina\u00a0il Fondo \u00e8 finalizzato alla creazione di un polo industriale \u201colivettiano\u201d specializzato nella produzione di manufatti in bio-materiali e bio-plastiche innovative esito di azioni di ricerca e sviluppo coordinati e finanziati dalla stessa Fondazione di Comunit\u00e0 e sviluppati in collaborazione con il\u00a0<\/span><a href=\"https:\/\/www.unive.it\/pag\/16775\"><span style=\"font-weight: 400;\">Dipartimento di Scienze Molecolari e Nanosistemi dell\u2019Universit\u00e0 di Venezia<\/span><\/a><span style=\"font-weight: 400;\">\u00a0e con il suo\u00a0<\/span><i><span style=\"font-weight: 400;\">spin off<\/span><\/i><span style=\"font-weight: 400;\">,\u00a0<\/span><a href=\"http:\/\/www.crossing-srl.com\/it\/\"><span style=\"font-weight: 400;\">Crossing<\/span><\/a><span style=\"font-weight: 400;\">, e con il\u00a0<\/span><a href=\"https:\/\/www.unime.it\/it\/dipartimenti\/ingegneria\"><span style=\"font-weight: 400;\">Dipartimento di Ingegneria dell\u2019Universit\u00e0 degli Studi di Messina<\/span><\/a><span style=\"font-weight: 400;\">.<\/span><\/p>\n<p><span style=\"font-weight: 400;\">A\u00a0<\/span><b>Novara di Sicilia<\/b><span style=\"font-weight: 400;\">\u00a0il fondo immobiliare della Fondazione \u00e8 destinato ad ospitare un centro di ricerca e co-progettazione per lo sviluppo umano del territorio. Per favorire processi di contaminazione fra innovazione e elementi distintivi dei territori, la Fondazione ha attivato una collaborazione con il\u00a0<\/span><a href=\"https:\/\/www.polito.it\/\"><span style=\"font-weight: 400;\">Politecnico di Torino<\/span><\/a><span style=\"font-weight: 400;\">\u00a0per fare di Novara di Sicilia un polo operativo del Master Universitario un polo operativo del Master Universitario di II Livello in \u201cMetodi e tecniche per il governo di territori resilienti. Verso la gestione integrata dei rischi\u201d.<\/span><\/p>\n","protected":false},"excerpt":{"rendered":"<p>La Fondazione di Comunit\u00e0 oggi opera in contesti territoriali caratterizzati da condizioni economico-sociali e ambientali molto differenti e questo ha in questi anni permesso, attraverso percorsi di ricerca-azione, di sperimentare<\/p>\n","protected":false},"author":1,"featured_media":0,"parent":0,"menu_order":23,"comment_status":"closed","ping_status":"closed","template":"","meta":{"footnotes":""},"class_list":["post-2501","page","type-page","status-publish","hentry"],"_links":{"self":[{"href":"https:\/\/www.ilserveronline.net\/fdc2020\/wp-json\/wp\/v2\/pages\/2501","targetHints":{"allow":["GET"]}}],"collection":[{"href":"https:\/\/www.ilserveronline.net\/fdc2020\/wp-json\/wp\/v2\/pages"}],"about":[{"href":"https:\/\/www.ilserveronline.net\/fdc2020\/wp-json\/wp\/v2\/types\/page"}],"author":[{"embeddable":true,"href":"https:\/\/www.ilserveronline.net\/fdc2020\/wp-json\/wp\/v2\/users\/1"}],"replies":[{"embeddable":true,"href":"https:\/\/www.ilserveronline.net\/fdc2020\/wp-json\/wp\/v2\/comments?post=2501"}],"version-history":[{"count":3,"href":"https:\/\/www.ilserveronline.net\/fdc2020\/wp-json\/wp\/v2\/pages\/2501\/revisions"}],"predecessor-version":[{"id":2517,"href":"https:\/\/www.ilserveronline.net\/fdc2020\/wp-json\/wp\/v2\/pages\/2501\/revisions\/2517"}],"wp:attachment":[{"href":"https:\/\/www.ilserveronline.net\/fdc2020\/wp-json\/wp\/v2\/media?parent=2501"}],"curies":[{"name":"wp","href":"https:\/\/api.w.org\/{rel}","templated":true}]}}

<p><span style="font-weight: 400;">La Fondazione di Comunità oggi opera in contesti territoriali caratterizzati da condizioni economico-sociali e ambientali molto differenti e questo ha in questi anni permesso, attraverso percorsi di ricerca-azione, di sperimentare </span><i><span style="font-weight: 400;">policy</span></i><span style="font-weight: 400;"> sistemiche capaci, almeno in parte, di acquisire valore paradigmatico.</span></p>
<p><span style="font-weight: 400;">Il cuore dell’agire della Fondazione è stato certamente Messina, città di poco meno di 250.000 abitanti, caratterizzata da estrema sperequazione nella distribuzione della ricchezza e da una forte iniquità spaziale. Nel centro cittadino la ricchezza media pro-capite è 4 volte quella della periferia nord e 6 volte quella della periferia sud, caratterizzata, quest’ultima, da forte degrado urbano, sociale, culturale e da strutturale disagio abitativo. Per esempio, oltre 2.000 famiglie vivono ancora nelle baraccopoli inizialmente originate dopo il terremoto del 1908 e dopo i bombardamenti della Seconda Guerra Mondiale e poi diventate strumento di segregazione sociale e di controllo clientelare e mafioso.</span></p>
<p><span style="font-weight: 400;">La </span><i><span style="font-weight: 400;">cluster analysis</span></i><span style="font-weight: 400;">, sviluppata dalla Fondazione, identifica Messina quale città tipica delle grandi aree urbane meridionali precipitate sotto la soglia di povertà trappola, demograficamente &#8220;triste&#8221;.</span></p>
<p><span style="font-weight: 400;">Accanto, però, a questo estremo degrado abitativo, sociale e urbano, Messina è una delle province più verdi d’Italia. È, quindi, una città che vive la contraddizione di una bassa qualità della vita, cui corrisponde, però, salendo di scala, la potenza di un paesaggio unico e un binomio natura potente, dinamica e fortemente bio-diversa / processi millenari di antropizzazione che fa di questa terra una </span><i><span style="font-weight: 400;">cuspide, </span></i><span style="font-weight: 400;">una </span><i><span style="font-weight: 400;">singolarità </span></i><span style="font-weight: 400;">del Mediterraneo.</span></p>
<p><span style="font-weight: 400;">Si tratta, in sostanza, di una </span><i><span style="font-weight: 400;">venustas</span></i><span style="font-weight: 400;"> antropologico-ambientale in grado di aumentare la resilienza urbana, una “bellezza” capace di determinare un campo di forza che se riconosciuta, compresa in modo profondo e poi valorizzata può costituire una leva straordinaria per il “domani”.</span></p>
<p>&nbsp;</p>
<p><b>Dal 1998</b><span style="font-weight: 400;"> i luoghi primigeni in cui fin dalle origini, con una intesa opera di riqualificazione urbana, si è sviluppata e si sviluppa tutt’ora la Fondazione di Comunità di Messina sono il </span><a href="https://fdcmessina.org/i-luoghi/il-parco-sociale-di-forte-petrazza/"><span style="font-weight: 400;">Parco Sociale di Forte Petrazza</span></a><span style="font-weight: 400;"> e </span><a href="https://fdcmessina.org/gallery/il-parco-horcynus-orca/"><span style="font-weight: 400;">il Parco Horcynus Orca.</span></a><span style="font-weight: 400;"> </span></p>
<p>&nbsp;</p>
<p><b>Dal 2015</b><span style="font-weight: 400;"> la Fondazione di Comunità ha istituito un Fondo destinato allo sviluppo territoriale di </span><a href="https://fdcmessina.org/il-fondo-di-mirabella-imbaccari/"><b>Mirabella Imbaccari</b></a><b>,</b><span style="font-weight: 400;"> tipica “area interna” della Sicilia, che dall’inizio del 2000 sta vivendo un trend di declino. L&#8217;analisi storica dei dati demografici, la crisi delle economie agricole con metodi tradizionali, e l’espulsione dal mercato, oggi fortemente industrializzato, delle tradizionali lavorazioni al femminile del tombolo, in modo plastico evidenziano un progressivo, apparentemente inesorabile, invecchiamento e depauperamento demografico delle comunità locali.</span></p>
<p>&nbsp;</p>
<p><b>Nel 2020 </b><span style="font-weight: 400;">la Fondazione ha avviato, valorizzando </span><a href="https://fdcmessina.org/il-fondo-pia-patini-di-salina/"><span style="font-weight: 400;">i propri </span><i><span style="font-weight: 400;">asset </span></i><span style="font-weight: 400;">patrimoniali</span></a> <b>nell’isola di Salina,</b><span style="font-weight: 400;"> azioni sistemiche e durevoli nella piccola isola.</span></p>
<p><span style="font-weight: 400;">Salina è un’isola in cui vivono 2.598 abitanti regolari distribuiti nei tre Comuni in cui si articolano i soli 26,1² dell’isola. Il territorio è, pertanto, caratterizzato da una forte frammentazione sociale e istituzionale. Da un punto di vista socio-economico l’isola vive di un’economia legata al turismo con forte carattere stagionale. Questo comporta una concezione del tempo, dei luoghi e del lavoro a volte distorti. È crescente la popolazione migrante, che soffre della irregolarità e della precarietà dei lavori stagionali. Nei mesi invernali la popolazione vive in condizioni di forte diseguaglianza sociale e di accessibilità ai servizi.</span></p>
<p><span style="font-weight: 400;">D’altra parte le Eolie costituiscono un patrimonio naturale e culturale ricchissimo, denso di dinamismi geo-ambientali, di emergenze di vita, specie di vita marina, e di stratificazioni millenarie così interessanti da far dichiarare all’UNESCO tutto l’arcipelago patrimonio dell’umanità.</span></p>
<p><span style="font-weight: 400;">I programmi ventennali di ricerca e cooperazione culturale fra le sponde del Mediterraneo e le recenti programmazioni in partnership per promuovere lo sviluppo di finanza etica e sociale e forme di economie responsabili sul piano ambientale e sociale hanno portato la Fondazione a deliberare la prospettiva di istituire fondi dedicati allo sviluppo di territori dell’area MENA (Middle East and North Africa).  </span></p>
<p>&nbsp;</p>
<p><b>Nel 2021</b> <span style="font-weight: 400;">la Fondazione ha istituito un  </span><a href="https://fdcmessina.org/il-fondo-per-le-aree-interne/"><b>Fondo per le Aree interne</b></a><b> c</b><span style="font-weight: 400;">he interessa il Comune di </span><b>Roccavaldina</b><span style="font-weight: 400;"> e il Comune di </span><b>Novara di Sicilia.</b><span style="font-weight: 400;"> A Roccavaldina il Fondo è finalizzato alla creazione di un polo industriale “olivettiano” specializzato nella produzione di manufatti in bio-materiali e bio-plastiche innovative esito di azioni di ricerca e sviluppo coordinati e finanziati dalla stessa Fondazione di Comunità e sviluppati in collaborazione con il </span><a href="https://www.unive.it/pag/16775"><span style="font-weight: 400;">Dipartimento di Scienze Molecolari e Nanosistemi dell’Università di Venezia</span></a><span style="font-weight: 400;"> e con il suo </span><i><span style="font-weight: 400;">spin off</span></i><span style="font-weight: 400;">, </span><a href="http://www.crossing-srl.com/it/"><span style="font-weight: 400;">Crossing</span></a><span style="font-weight: 400;">, e con il </span><a href="https://www.unime.it/it/dipartimenti/ingegneria"><span style="font-weight: 400;">Dipartimento di Ingegneria dell’Università degli Studi di Messina</span></a><span style="font-weight: 400;">.</span></p>
<p><span style="font-weight: 400;">A </span><b>Novara di Sicilia</b><span style="font-weight: 400;"> il fondo immobiliare della Fondazione è destinato ad ospitare un centro di ricerca e co-progettazione per lo sviluppo umano del territorio. Per favorire processi di contaminazione fra innovazione e elementi distintivi dei territori, la Fondazione ha attivato una collaborazione con il </span><a href="https://www.polito.it/"><span style="font-weight: 400;">Politecnico di Torino</span></a><span style="font-weight: 400;"> per fare di Novara di Sicilia un polo operativo del Master Universitario un polo operativo del Master Universitario di II Livello in “Metodi e tecniche per il governo di territori resilienti. Verso la gestione integrata dei rischi”.</span></p>

<p>La Fondazione di Comunità oggi opera in contesti territoriali caratterizzati da condizioni economico-sociali e ambientali molto differenti e questo ha in questi anni permesso, attraverso percorsi di ricerca-azione, di sperimentare</p>
