{"id":2148,"date":"2021-09-16T10:10:25","date_gmt":"2021-09-16T08:10:25","guid":{"rendered":"http:\/\/www.ilserveronline.net\/fdc2020\/?page_id=2148"},"modified":"2021-09-17T12:45:01","modified_gmt":"2021-09-17T10:45:01","slug":"tsr-il-marchio-dinamico","status":"publish","type":"page","link":"https:\/\/www.ilserveronline.net\/fdc2020\/distretto-sociale-evoluto\/tsr-il-marchio-dinamico\/","title":{"rendered":"TSR, il Marchio Dinamico"},"content":{"rendered":"<p>La <strong>metodologia TSR\u00ae<\/strong> \u00e8 un approccio partecipativo e co-certificabile ideato dalla Rete Europea dell\u2019Economia Sociale e Solidale <a href=\"http:\/\/www.revesnetwork.eu\/wp\/\"><strong>REVES<\/strong><\/a>, adottato dalla Fondazione di Comunit\u00e0 di Messina quale principale strumento di supporto alla valutazione ed alla riprogrammazione delle proprie attivit\u00e0. \u00c8 uno strumento di costruzione di coesione e capitale sociale mirato a far convergere le politiche e le pratiche di enti pubblici, organizzazioni e imprese verso i principi in cui si riconosce la comunit\u00e0 locale.<\/p>\n<p>Per costruire il proprio<strong>\u00a0marchio dinamico TSR\u00ae<\/strong>, che rappresenta il segno visivo dell\u2019adesione ai principi della metodologia TSR\u00ae, occorre selezionare, tra quelli indicati, gli ambiti di intervento e i principi in cui si riconoscono l\u2019attore sociale e la comunit\u00e0 di riferimento. Ogni territorio ha due principi imprescindibili indicati dalla comunit\u00e0 locale.\u00a0Per aderire alla metodologia TSR\u00ae non basta creare il proprio marchio: i valori e gli ambiti d\u2019intervento indicati verranno vagliati da una commissione di valutazione che\u00a0al termine del processo certificher\u00e0 l\u2019adesione alla metodologia dei <strong>Territori Socialmente Responsabili<\/strong>.<\/p>\n","protected":false},"excerpt":{"rendered":"<p>La metodologia TSR\u00ae \u00e8 un approccio partecipativo e co-certificabile ideato dalla Rete Europea dell\u2019Economia Sociale e Solidale REVES, adottato dalla Fondazione di Comunit\u00e0 di Messina quale principale strumento di supporto<\/p>\n","protected":false},"author":1,"featured_media":0,"parent":106,"menu_order":35,"comment_status":"closed","ping_status":"closed","template":"","meta":{"footnotes":""},"class_list":["post-2148","page","type-page","status-publish","hentry"],"_links":{"self":[{"href":"https:\/\/www.ilserveronline.net\/fdc2020\/wp-json\/wp\/v2\/pages\/2148","targetHints":{"allow":["GET"]}}],"collection":[{"href":"https:\/\/www.ilserveronline.net\/fdc2020\/wp-json\/wp\/v2\/pages"}],"about":[{"href":"https:\/\/www.ilserveronline.net\/fdc2020\/wp-json\/wp\/v2\/types\/page"}],"author":[{"embeddable":true,"href":"https:\/\/www.ilserveronline.net\/fdc2020\/wp-json\/wp\/v2\/users\/1"}],"replies":[{"embeddable":true,"href":"https:\/\/www.ilserveronline.net\/fdc2020\/wp-json\/wp\/v2\/comments?post=2148"}],"version-history":[{"count":7,"href":"https:\/\/www.ilserveronline.net\/fdc2020\/wp-json\/wp\/v2\/pages\/2148\/revisions"}],"predecessor-version":[{"id":2214,"href":"https:\/\/www.ilserveronline.net\/fdc2020\/wp-json\/wp\/v2\/pages\/2148\/revisions\/2214"}],"up":[{"embeddable":true,"href":"https:\/\/www.ilserveronline.net\/fdc2020\/wp-json\/wp\/v2\/pages\/106"}],"wp:attachment":[{"href":"https:\/\/www.ilserveronline.net\/fdc2020\/wp-json\/wp\/v2\/media?parent=2148"}],"curies":[{"name":"wp","href":"https:\/\/api.w.org\/{rel}","templated":true}]}}