{"id":301,"date":"2021-02-26T16:16:14","date_gmt":"2021-02-26T15:16:14","guid":{"rendered":"http:\/\/www.ilserveronline.net\/fdc2020\/?post_type=gallery&#038;p=301"},"modified":"2021-09-22T17:50:34","modified_gmt":"2021-09-22T15:50:34","slug":"capacity-la-liberazione-di-fondo-sacca","status":"publish","type":"gallery","link":"https:\/\/www.ilserveronline.net\/fdc2020\/gallery\/capacity-la-liberazione-di-fondo-sacca\/","title":{"rendered":"CAPACITY, la liberazione di Fondo Sacc\u00e0"},"content":{"rendered":"<div align=\"justify\">\n<p>Dopo pi\u00f9 di cento anni dal Grande Terremoto del 1908, la baraccopoli di Fondo Sacc\u00e0 \u00e8 oggi in corso di demolizione e le 69 famiglie che l&#8217;abitavano hanno potuto scegliere una casa, e 40 di esse acquistarla. <strong>69 famiglie e 200 persone liberate da una condizione di degrado urbano estremo<\/strong>, fra amianto e cemento, da condizioni insalubri e da un destino obbligato di fragilit\u00e0 sociale.<\/p>\n<p>Ora tutte e duecento vivono altrove, in una casa scelta dislocata in zone diverse della citt\u00e0. Perch\u00e9, fra le tante cose inedite e straordinarie, il modello di <a href=\"https:\/\/www.ilserveronline.net\/fdc2020\/riqualificazione-urbana\/\"><strong>riqualificazione urbana <\/strong><\/a>incarnato dal progetto Capacity, di cui \u00e8 capofila il Comune di Messina e la Fondazione di Comunit\u00e0 di Messina \u00e8 co-ideatore, partner strategico, tecnico e cofinanziatore, evita la riproduzione di quartieri ghetto e la costruzione di nuovo cemento<\/p>\n<p>Qui come \u00e8 stata finora e come sta diventando e diventer\u00e0 Fondo Sacc\u00e0 liberata: <strong>giardini,\u00a0 aree verdi, installazioni artistiche e un piccolo condominio ecologico<\/strong> con abitazioni che verranno assegnate a famiglie provenienti da altre baraccopoli della citt\u00e0.<\/p>\n<p>E ci sono anche i prototipi di casette ecosostenibili che la Fondazione ha gi\u00e0\u00a0 realizzato con fondi propri nella prima parte &#8211; liberata negli anni scorsi &#8211; di Fondo Sacc\u00e0 e dove oggi c&#8217;\u00e8 il Centro-Socioeducativo <a href=\"https:\/\/www.ilserveronline.net\/fdc2020\/gallery\/il-giardino-delle-zagare-a-fondo-sacca-con-bimbi-e-famiglie\/\">&#8220;Il Giardino delle Zagare&#8221;<\/a> e piccole abitazioni destinate a uso sociale.<\/p>\n<p>Prototipi costruiti con le tecnologie pi\u00f9 avanzate all&#8217;insegna della sostenibilit\u00e0 ambientale: sistemi costruttivi in paglia pressata e legno, impianti fotovoltaici collegati a sistemi di mutualizzazione dell\u2019energia, riciclo delle acque grigie per alimentare le aree verdi che circondano il condominio, sistemi sperimentali di domotica per la tutela della salute e per il risparmio energetico, sistemi di monitoraggio ambientale.<\/p>\n<p>Fond\u00f2 Sacc\u00e0 sta cambiando volto e verr\u00e0 presto restituita alla citt\u00e0: riqualificata secondo principi di sostenibilit\u00e0 ecologica, ambientale e urbana. E bella.<\/p>\n<\/div>\n","protected":false},"featured_media":2382,"template":"","cat_gal":[11],"class_list":["post-301","gallery","type-gallery","status-publish","has-post-thumbnail","hentry","cat_gal-i-programmi"],"_links":{"self":[{"href":"https:\/\/www.ilserveronline.net\/fdc2020\/wp-json\/wp\/v2\/gallery\/301","targetHints":{"allow":["GET"]}}],"collection":[{"href":"https:\/\/www.ilserveronline.net\/fdc2020\/wp-json\/wp\/v2\/gallery"}],"about":[{"href":"https:\/\/www.ilserveronline.net\/fdc2020\/wp-json\/wp\/v2\/types\/gallery"}],"wp:featuredmedia":[{"embeddable":true,"href":"https:\/\/www.ilserveronline.net\/fdc2020\/wp-json\/wp\/v2\/media\/2382"}],"wp:attachment":[{"href":"https:\/\/www.ilserveronline.net\/fdc2020\/wp-json\/wp\/v2\/media?parent=301"}],"wp:term":[{"taxonomy":"cat_gal","embeddable":true,"href":"https:\/\/www.ilserveronline.net\/fdc2020\/wp-json\/wp\/v2\/cat_gal?post=301"}],"curies":[{"name":"wp","href":"https:\/\/api.w.org\/{rel}","templated":true}]}}

CAPACITY, la liberazione di Fondo Saccà

<div align="justify">
<p>Dopo più di cento anni dal Grande Terremoto del 1908, la baraccopoli di Fondo Saccà è oggi in corso di demolizione e le 69 famiglie che l&#8217;abitavano hanno potuto scegliere una casa, e 40 di esse acquistarla. <strong>69 famiglie e 200 persone liberate da una condizione di degrado urbano estremo</strong>, fra amianto e cemento, da condizioni insalubri e da un destino obbligato di fragilità sociale.</p>
<p>Ora tutte e duecento vivono altrove, in una casa scelta dislocata in zone diverse della città. Perché, fra le tante cose inedite e straordinarie, il modello di <a href="https://www.ilserveronline.net/fdc2020/riqualificazione-urbana/"><strong>riqualificazione urbana </strong></a>incarnato dal progetto Capacity, di cui è capofila il Comune di Messina e la Fondazione di Comunità di Messina è co-ideatore, partner strategico, tecnico e cofinanziatore, evita la riproduzione di quartieri ghetto e la costruzione di nuovo cemento</p>
<p>Qui come è stata finora e come sta diventando e diventerà Fondo Saccà liberata: <strong>giardini,  aree verdi, installazioni artistiche e un piccolo condominio ecologico</strong> con abitazioni che verranno assegnate a famiglie provenienti da altre baraccopoli della città.</p>
<p>E ci sono anche i prototipi di casette ecosostenibili che la Fondazione ha già  realizzato con fondi propri nella prima parte &#8211; liberata negli anni scorsi &#8211; di Fondo Saccà e dove oggi c&#8217;è il Centro-Socioeducativo <a href="https://www.ilserveronline.net/fdc2020/gallery/il-giardino-delle-zagare-a-fondo-sacca-con-bimbi-e-famiglie/">&#8220;Il Giardino delle Zagare&#8221;</a> e piccole abitazioni destinate a uso sociale.</p>
<p>Prototipi costruiti con le tecnologie più avanzate all&#8217;insegna della sostenibilità ambientale: sistemi costruttivi in paglia pressata e legno, impianti fotovoltaici collegati a sistemi di mutualizzazione dell’energia, riciclo delle acque grigie per alimentare le aree verdi che circondano il condominio, sistemi sperimentali di domotica per la tutela della salute e per il risparmio energetico, sistemi di monitoraggio ambientale.</p>
<p>Fondò Saccà sta cambiando volto e verrà presto restituita alla città: riqualificata secondo principi di sostenibilità ecologica, ambientale e urbana. E bella.</p>
</div>
